at are the prime factors of j?
19
Let h be -13*(-4)/6*12/(-8). Let s = h - -109. Let m = s - -39. List the prime factors of m.
3, 5
Suppose 5*d - y - 236410 = 0, 43572 = -5*d - 3*y + 280002. What are the prime factors of d?
3, 15761
Let y(d) = -d**2 + 12*d - 29. Let q be y(8). Suppose -5*l + q*a - a = -84, -4*a = 2*l - 24. What are the prime factors of (l/2 - -170) + 1*4?
2, 7, 13
Let a = -48 + 78. Suppose -z + 3*z + 4*u - a = 0, 0 = -4*u. List the prime factors of z + -3 + (2 - 3).
11
Let f(b) = -570*b - 1521. List the prime factors of f(-3).
3, 7
Suppose -24*a - l + 7051 = -23*a, 3*a - 21151 = -4*l. What are the prime factors of a?
3, 2351
Suppose t + 3383 = -2*k, -4*t = -3*k - 2243 - 2859. Let m = -1092 - k. What are the prime factors of m?
2, 7, 43
Let q = 5 + 89. Suppose -8 = -z + 5*t - t, -5*z + 2*t + q = 0. List the prime factors of z.
2, 5
Let x = -675 - -1723. Suppose -5*w + 7*w = x. What are the prime factors of w?
2, 131
Suppose -6*p + 19 = -o - 2*p, p - 19 = 5*o. Let w(l) = -l + 9. Let q be w(o). Suppose 4*y - q = 0, m + 3*y - 237 = -2*m. What are the prime factors of m?
2, 19
Let g(u) = -78*u - 1480. Let q be g(-19). Let c be 0 + 2 - 15/(-3). Suppose -1206 = -c*k - q*k. List the prime factors of k.
2, 67
Let w(p) = 2*p**3 + 2*p**2 - 4*p - 4. Let c be w(-2). Let o be (-36)/3*c/12. Suppose 0 = -2*v - o*l + 8 + 100, 3*v - 198 = 3*l. What are the prime factors of v?
2, 31
Let p be (6/(-5))/3 - 14/(-10). Let w(k) = p + 5 + 27*k - 3 - 4. List the prime factors of w(3).
2, 5
Suppose 52*y - 71*y = -100700. What are the prime factors of y?
2, 5, 53
Suppose 0 = -5*j - 4*s - 1056, -3*j - 5*s = -0*j + 631. Let g = 244 + j. What are the prime factors of g?
2
Let z = 212 + -229. List the prime factors of z/((-17)/558) - 2.
2, 139
Let y be (76/(-8))/(3/(-6)). Suppose -149 = -6*h + y. Let d = h + 57. What are the prime factors of d?
5, 17
Let j = -25507 + 52084. List the prime factors of j.
3, 2953
Let t = 266 + -181. Suppose -3*b - 2*b = -t. What are the prime factors of b?
17
Let g be (-1 + 129)/((-2)/7). Let n be ((-30)/140*-4)/((-1)/(-14)). What are the prime factors of -2 + 10/6 - g/n?
37
Suppose 29*a = -2*s + 25*a + 16070, -5*s = -2*a - 40235. List the prime factors of s.
5, 1609
Let a be (-2)/9 - (-7514)/117 - 0. Let h = a + -68. What are the prime factors of (-194)/((3 + h)/((-1)/(-2)))?
97
Suppose 0 = 4*a - i - 53970, -5*a + 4*i = 18607 - 86064. What are the prime factors of a?
103, 131
Let q(j) = -3*j - 15. Let o be q(-5). Suppose -5*x + 3*w + 1854 = o, 2*x - 4*x - 3*w = -729. Suppose 44*m = 41*m + x. List the prime factors of m.
3, 41
List the prime factors of 0 - -5 - (-27 + (-31 - 30742)).
5, 61, 101
Suppose -29*g + 19530 = -70254. What are the prime factors of g?
2, 3, 43
Let a be (3 - 0)/3*3/1. Let q = a + 0. Suppose -5*y = -q*y - 112. What are the prime factors of y?
2, 7
What are the prime factors of (-123110)/(-14) + ((-48)/(-28))/(-3)?
3, 977
Suppose 5*c = 7*c + 146. Let m = 374 + -79. Let u = c + m. What are the prime factors of u?
2, 3, 37
What are the prime factors of 1288/((-3835)/1298 - (-1 + -2))?
2, 7, 11, 23
Suppose -2063 = -6*u + 2299. List the prime factors of u.
727
Suppose 261 = 3*w - 3*y - 138, 0 = -5*w + 2*y + 653. Suppose -w*t + 130*t - 238 = 0. What are the prime factors of t?
2, 7, 17
Suppose 226*c = 3*y + 229*c - 40752, 2*y - c - 27147 = 0. What are the prime factors of y?
13577
Let t be (0/(-2))/((13 + 7)/10). Let y(z) = z**3 + 2*z + 536. List the prime factors of y(t).
2, 67
Let b(w) = -5*w**3 + 10*w**2 - w + 6. Let d be b(-9). Suppose 2*s + 3*s = -d. What are the prime factors of s/(-12) + 1/2?
3, 5
Suppose f - 200*v = -203*v + 23767, 0 = -3*f + 2*v + 71224. What are the prime factors of f?
2, 31, 383
Let w = 4151 - -4851. What are the prime factors of w?
2, 7, 643
Let f(w) be the second derivative of 42*w**3 + 181*w**2/2 - w - 47. What are the prime factors of f(5)?
11, 131
Let l be ((-1)/(-1))/(-2 + 1). Let z be (7 + -7)*l/(-1). Suppose -2*t - 2*t + 116 = z. What are the prime factors of t?
29
Let u = -53 - 134. Let z = 350 + u. What are the prime factors of z?
163
Suppose -13*p + 229770 = 8*p - 6*p. List the prime factors of p.
2, 3, 23, 37
List the prime factors of ((-72)/(-180))/(1/22595).
2, 4519
Suppose -73*m + 2083362 - 565219 + 233127 = 0. List the prime factors of m.
2, 5, 2399
Suppose 0 = 3*h - 65*q + 67*q - 62075, 4*q = 3*h - 62069. List the prime factors of h.
3, 11, 19
Let i = -413 + 566. Let d = 212 - i. List the prime factors of d.
59
Suppose 5*z + 26740 = 5*t, -3*t + 16*z - 21*z + 15996 = 0. What are the prime factors of t?
2, 2671
Suppose 17 = 5*c + 7. Suppose -c*a - 12 = -4*a + 4*q, 4 = -2*q. Suppose -2*l + a*b + 38 = -0*l, 2*b - 26 = -2*l. What are the prime factors of l?
2
Let m(y) = y**3 - 6*y**2 + 7*y - 1. Let i be m(4). Let g(o) = -o**3 + 4*o**2 + 2*o. What are the prime factors of g(i)?
5, 43
Let p(x) = x**2 - 6*x - 2. Suppose 3*s - 15 = 3*a, s - a + 25 = 3*s. List the prime factors of p(s).
2, 19
Let u(k) be the second derivative of 1/12*k**4 + 7/6*k**3 + 0 - 9*k + 9/2*k**2. What are the prime factors of u(-12)?
3, 23
Let k = 353 - 250. List the prime factors of 2 - (k*24)/(-6).
2, 3, 23
Let o be (-8)/((-186306)/(-26616) + -7). Suppose 16*x + 16*x - o = 0. What are the prime factors of x?
1109
Let h(x) = -2*x**3 - 181*x**2 + 19*x - 281. List the prime factors of h(-93).
13, 3169
What are the prime factors of (-368 + -8 - 3)*(-165)/3?
5, 11, 379
List the prime factors of 1780980/10*(-6)/(-18).
2, 29683
Let o be (-411)/(-12) - 4/16. Suppose 1 - 14 = -l - 5*c, -l + o = -2*c. List the prime factors of l.
2, 7
Suppose 114*k + 60550 = 525214. What are the prime factors of k?
2, 1019
Suppose -247*x + 129*x = -129*x + 180796. What are the prime factors of x?
2, 7, 587
Suppose 32*f - 41*f - 2718 = 0. Let y = 587 + f. What are the prime factors of y?
3, 5, 19
Let k(c) = 408*c - 72. List the prime factors of k(5).
2, 3, 41
Let u = 47924 + -28581. What are the prime factors of u?
23, 29
Let z be 20*1 + -2 - -2. Suppose 0 = 4*h + 12 + 36. Let f = z - h. What are the prime factors of f?
2
Suppose 4*q = w - 20070, 4*w = -77*q + 82*q + 80203. List the prime factors of w.
2, 11, 911
Let t(f) be the first derivative of 611*f**4/4 - 4*f**3/3 + 2*f + 121. List the prime factors of t(1).
3, 7, 29
Let a(h) be the first derivative of 41*h**2/2 + 11*h - 40. What are the prime factors of a(3)?
2, 67
What are the prime factors of 2083 + (-4 - (6 - 16))?
2089
Suppose -8 + 48 = 2*j - 4*l, -4*j - 4*l = -116. Let h(d) = d**3 - 24*d**2 - 28*d - 48. What are the prime factors of h(j)?
2, 3
Let q = 3664 + -3742. Suppose -4*l + 2*l = -5*t - 233, -471 = -4*l + 5*t. Let n = q + l. List the prime factors of n.
41
Let o = -1761 - -3034. Let n = o - 815. What are the prime factors of n?
2, 229
Let r = 154078 + -109394. List the prime factors of r.
2, 11171
Let j be (3 + (-183)/(-9))*6. What are the prime factors of -3 - (-3 + (1 - j))?
139
Let r(b) = -2 + b + 12 + 10*b + 2*b**2 - 2 - 3*b. What are the prime factors of r(-3)?
2
Let p(a) = -14*a - 7. Let x be p(-3). Let l = -40 + x. List the prime factors of ((-9)/(-6))/(l/(-170)).
3, 17
Suppose -q + 88*v = 85*v - 2532, -q - 5*v + 2508 = 0. What are the prime factors of q?
3, 29
Let d = 40 - 36. Suppose -d*w + 450 = -3*w. List the prime factors of ((-12)/(-10))/(27/w).
2, 5
Let j(y) be the third derivative of 5*y**6/144 + y**5/30 - y**4/2 - 6*y**2. Let i(u) be the second derivative of j(u). What are the prime factors of i(1)?
29
What are the prime factors of -48*(0 - 1)*(-5 - 328/(-2))?
2, 3, 53
What are the prime factors of 6/(-24) + (-74463)/(-14)*35/30?
5, 17, 73
Let v = 15 + -15. Suppose -31*h + 1062 = 28*h. Suppose v = -k + 208 - h. What are the prime factors of k?
2, 5, 19
List the prime factors of (-4*(-3679)/78)/((-6)/(-63)).
7, 283
Let y(t) = -19*t - 8. Suppose 0 = -2*p - 5*l + 17 + 32, -5*p - l + 111 = 0. Suppose x = 2*w - x + p, -4*w = -x + 32. List the prime factors of y(w).
5
Let u(q) = -2*q**2 - 15*q + 5. Let a be u(-8). Let o be 1/a*-6*(3 + -2). Let t(d) = 13*d**3 - d**2 + 1. List the prime factors of t(o).
101
Suppose u - c + 47 = -10, -5*c - 93 = 2*u. Let o = -50 - u. Suppose 0 = -o*i + 20 - 0. List the prime factors of i.
5
Suppose -7*c - 39 = -18, 